a + 13. Let x(c) = -7*c**3 + 4*c**2 + 5*c - 12. Let y(h) = -6*n(h) - 7*x(h). Give y(p).
6
Let i(f) = f. Suppose -2*r + 2*x = -8, 2*x - 16 = -5*r + 11. Let b = r + -5. Suppose 0 = -2*t - b*t - 10. What is i(t)?
-5
Let s(w) = w**2 - 2*w - 1. Let z(n) = -n - 3. Let o be z(-2). Calculate s(o).
2
Let n(z) = -7*z**2 + 4*z + 5. Let d(m) = -m - 1. Let v(a) = 4*d(a) + n(a). Calculate v(-1).
-6
Let v(z) = z**3 + z - 1. Let q(n) = -n**3 - 7*n**2 - 11*n + 3. Let i(u) = -q(u) - 2*v(u). What is i(8)?
7
Let q = -13 - -21. Suppose 5*j - r = q, j - 4*r = r + 16. Let l(i) be the second derivative of 2*i**3/3 + 3*i. Determine l(j).
4
Suppose 8 - 2 = -2*a. Let g(v) be the second derivative of v**5/20 + v**4/12 - v**3/3 + 3*v**2/2 + 16*v + 1. Calculate g(a).
-9
Let k(i) = 2*i - 9 - 4*i + 3. What is k(-7)?
8
Let i(v) be the first derivative of 2 + 5*v + 1/2*v**2. Give i(-5).
0
Let k(i) = 2*i**3 - 5*i**2 + 7*i - 4. Suppose 4 + 1 = v. Let l(j) = 3*j**3 - 7*j**2 + 11*j - 6. Let d(t) = v*l(t) - 8*k(t). Determine d(5).
-3
Suppose 2*y - 10 = 6. Let l(s) = s**2 - 9*s + 10. Calculate l(y).
2
Let h(l) = -5*l**2 + 2*l + 1. Let d(b) = b**3 - 7*b**2 - 6*b - 10. Let g be d(8). Let s(k) = k**2 - 5*k - 7. Let o be s(g). What is h(o)?
-6
Let z(d) = -8. Suppose 2*i - g + 4*g = 1, 0 = -3*i + 5*g - 46. Let p(w) = -w - 9. Let v(s) = i*z(s) + 6*p(s). Calculate v(2).
-10
Let u(r) = -4*r + r + 5*r + 3 - 1. Let g(k) = 2*k + 1. Let j be g(-2). Let q = 0 - j. Calculate u(q).
8
Suppose 3*a - a = 10. Let w(l) = -1 + l**2 + l + 0*l - 3 + a. What is w(0)?
1
Let j(k) = -k + 0*k + 1 - 7 + 3. What is j(-8)?
5
Let i(o) = o**2 - 2*o + 1. Let l(g) = g + 12. Let u be l(-10). Suppose 3*z - 17 = -6*t + u*t, -4*t = -8. Give i(z).
4
Let q(i) = -i**2 - 3*i + 3. Let n be (2/6)/(7/(-42)). Let w be 3/5 + n/(-5). Let d be (10/6)/(w/(-3)). Give q(d).
-7
Let a(d) = -20 - d**3 + 5*d + 13 - 2*d**2 - 4*d**2. What is a(-7)?
7
Let y(g) = g**3 + 5*g**2 + 4*g. Let t be (1 + 1 - 0) + -2. Suppose d + 7 - 3 = t. What is y(d)?
0
Let m(n) = -n**2 + 304 - 300 - n - 2*n. Determine m(-6).
-14
Let c(w) = -2 + 5*w**3 - 2*w**3 - w + 2*w**3 + 4*w**2 - 6*w**3. Calculate c(2).
4
Let u(x) = -8*x - 8. Let j(v) = 7*v + 7. Let g(p) = 7*j(p) + 6*u(p). Let c(y) = y + 1. Let q be c(9). Let o be (-20)/(-6) + q/15. Determine g(o).
5
Let q(y) = 4 + 3 + y + 2. Suppose c - 20 = 5*c. Calculate q(c).
4
Let s(k) = -5*k**2 + 1 + 0*k**3 - k**3 + k + 0*k. Suppose -4*t = 79 + 161. Let v be ((-4)/(-6))/(8/t). Calculate s(v).
-4
Let s(o) = o. Let x be (-2)/(-6) + (-1)/3. Calculate s(x).
0
Suppose 0 = -2*w + 4*w. Let f be (2 + -2)/(w - -1). Let n(r) = r - 2. Determine n(f).
-2
Let u(s) be the second derivative of s**3 - 2*s - 1. What is u(-1)?
-6
Let g(t) be the second derivative of -t**5/20 + t**4/12 + t**3 - t**2/2 + 10*t + 2. Determine g(3).
-1
Let w(a) = -7*a**3 + a. Suppose -2*y - 18 = -0*y. Let q = y + 10. Give w(q).
-6
Let y = -15 - -18. Let u(i) = -i**y - 3 + 2*i - 2*i**2 + 5 + 0*i. What is u(-2)?
-2
Let n be 1/(1/6*2). Let i(t) be the first derivative of -t**4/4 + 5*t**3/3 - 3*t**2/2 - 2*t - 5. Determine i(n).
7
Let b(a) = -4*a + 7. Let s(j) = -3*j + 6. Let p(q) = 2*b(q) - 3*s(q). Suppose -6*h - 12 = -2*h. What is p(h)?
-7
Let g(f) = f**2 + 6*f + 2. Let u be g(-7). Let i(h) = h - 12. Let r be i(u). Let k be (15/(-10))/(r/(-4)). Let v(a) = 2*a**2 + 4*a + 3. Calculate v(k).
3
Let o(s) = -10*s**2 + 22*s + 10. Let q(t) = -3*t**2 + 7*t + 3. Let m(r) = -5*o(r) + 16*q(r). Determine m(-2).
2
Let i(k) = -3*k - 6. Let h(u) = -5*u - 11. Let o(q) = -4*h(q) + 7*i(q). What is o(-7)?
9
Let c(s) be the third derivative of 1/6*s**4 + 0 + 0*s + 4*s**2 - 1/60*s**5 - 1/3*s**3. Calculate c(3).
1
Let t(o) = -5*o. Let s(h) = -22*h + 1. Let p(a) = 2*s(a) - 9*t(a). Let i = 10 + -7. Calculate p(i).
5
Let q(o) = 6*o**2. Suppose 0*b + b = 3, -2*c + b = 1. Let a be q(c). Let f(h) = h**2 - 6*h - 2. What is f(a)?
-2
Let b(i) be the second derivative of -i**5/120 - i**4/24 - i**3/6 - i. Let c(o) be the second derivative of b(o). Suppose -5 = -2*v - 17. What is c(v)?
5
Let i(w) be the second derivative of -w**4/12 + 2*w**3/3 - 3*w**2/2 - 2*w. Suppose -2*t + 11 = -q, -36 = -5*t + 3*t - 4*q. Let f be 2/(2 - -2)*t. What is i(f)?
-3
Let s(a) = a - 12. Suppose -3*t + c = -c - 41, 0 = 4*t + 2*c - 36. Suppose -5*y + 38 = 4*b, -3*y - 3*b + 13 = -t. What is s(y)?
-6
Let m(c) be the first derivative of -c**4/4 - 2*c**3 - 3*c**2/2 + c - 5. Determine m(-5).
-9
Let l(b) be the first derivative of -b**3/3 - 1. Let x(a) = a**3 - 3*a**2 - 5*a + 4. Let d be x(4). Give l(d).
0
Let r(a) = -a**2 - 10*a - 5. Let i = 62 + -71. Give r(i).
4
Let y(g) = -g**3 - 7*g**2 - 8*g - 5. Let m be y(-6). Suppose m*q - 16 = 3*q. Let a(j) = 1 + 3*j - j - 3*j. Determine a(q).
-3
Let z(c) be the third derivative of 1/60*c**5 + 0*c - 5/6*c**3 + 1/24*c**4 + 0 + c**2. Let v be 2 + 2/2*-2. Calculate z(v).
-5
Suppose 3*s - s - 8 = 0. Let c(z) = z + 4. Let v(w) be the first derivative of w**2/2 + 1. Let d(f) = -c(f) + 2*v(f). What is d(s)?
0
Let i(l) = -9*l**2 + 1. Suppose -5*r - 5 = -0. Give i(r).
-8
Let r = -3 - -8. Let p(b) = 2*b**2 + 0*b**2 + 2*b - b - r*b**3. Suppose h = -h - 2. Determine p(h).
6
Let q(x) = -x**3 + x**2 + 3*x - 1. Suppose 16 = -4*l, -4*l - 2 = 5*u + 4. Let h be 18*(0 + u/6). Suppose -3*b = 4*k + b + 8, k + 2*b = -h. What is q(k)?
1
Let q(f) = -f**2 + f. Let o(s) = -4*s**2 + 3*s - 5. Let i(n) = -o(n) + 3*q(n). Suppose -16 = 2*t + 6. Let a = -11 - t. Give i(a).
5
Let j(o) = -17*o - 7. Let d(r) = 9*r + 4. Let g(w) = -5*d(w) - 3*j(w). Calculate g(-1).
-5
Let q(t) = -3*t**2 + 7*t + 13*t**2 + 8 - 11*t**2. Give q(7).
8
Suppose 6*w - 9*w = 0. Let k(a) be the third derivative of -a**2 + w*a + 0 - 1/8*a**4 + 1/6*a**3. What is k(1)?
-2
Let w(o) = o + 11. Let f = -20 - -15. What is w(f)?
6
Suppose -3*g + 5*g - 4 = 0. Let m(p) be the first derivative of -p**5/20 + p**2 + 2*p + 1. Let i(x) be the first derivative of m(x). Give i(g).
-6
Let v(h) = 222 - 445 - h + 224. Suppose -16 = -4*a - 4*z + 8, 5*a = -2*z + 24. Determine v(a).
-3
Let r = -1 - -3. Let m(s) = -2*s**2 - s**2 + 5*s**r. Let q be (-3 + 5/2)*-4. Give m(q).
8
Let v(f) = f**3 - 4*f**2 - 4*f - 3. Let m be v(5). Let p(w) = -3*w. Give p(m).
-6
Let c(s) be the third derivative of 1/6*s**3 + 0*s + 0 + s**2 - 5/24*s**4. What is c(1)?
-4
Let v = 1 + -1. Suppose 25 = j + 5*t, 0 = -2*j - v*t - 3*t + 15. Suppose -4 = -j*i + 4*i. Let z(q) = -3*q**2 + 2*q + 1. Give z(i).
-4
Let r(b) be the second derivative of -5*b**4/12 - b**3/3 + b**2/2 + 2*b. Let h be 2/((-7)/(14/(-4))). Give r(h).
-6
Suppose -v - 5 = -k + 2*k, 2*v = 3*k. Let a(p) = -p**3 - 2*p**2 + p - 1. Give a(v).
5
Let l(y) = -6*y**3 + 6*y**2 - y + 4. Let i(u) be the first derivative of 5*u**4/4 - 2*u**3 - 4*u + 3. Let v(h) = 7*i(h) + 6*l(h). Give v(-4).
-12
Let c(x) = 2*x + x - 2*x - 1. Let m(y) be the second derivative of y**4/12 - y**3/2 - 3*y**2 - y. Let h be m(5). Determine c(h).
3
Suppose 2*j + i + i = 10, 0 = -4*j - 2*i + 20. Let o(p) = p - 3. Give o(j).
2
Let r(z) be the third derivative of z**4/12 + z**3/6 + 18*z**2 + z. What is r(7)?
15
Suppose -2*n + 2*c = -20, 0*c = 4*c + 20. Let v(x) = 3*x**2 + 0*x**2 + 2*x**2 - 7*x - 4*x**2 + 4. Give v(n).
-6
Let x(n) = -3*n**3 - 5*n**2 - 2*n. Let h(m) = -13*m**3 - 21*m**2 - 8*m + 1. Let g(b) = -2*h(b) + 9*x(b). Give g(-2).
-2
Let f(b) = b**3 + 4*b**2 + b - 2. Let s be f(-3). Suppose s*v - 5 = 3. Let r(k) = -1 + k - 6*k + k**2 + v*k. What is r(4)?
3
Let z(u) = -u**2 + 6*u + 3. Let n(f) = f**3 - f**2 - f + 7. Suppose -3*a - 3*w = 15, -2*w + 15 = 3*a - 5*w. Let q be n(a). Calculate z(q).
-4
Let p(i) = -i**2 + 5*i - 3. Suppose 0*y - 3*y + 6 = 0. Suppose -5*z = -y*z - 36. Let h be z/18 + (-20)/(-6). What is p(h)?
1
Let t(g) = g**2 + 4*g - 2. Suppose 2*w + x + 2*x - 1 = 0, 0 = w + 4*x - 3. Let p be (-6)/4*(-8)/(-3). Let n = p + w. Determine t(n).
3
Let j(x) = 14*x**2 - 20*x - 5. Let f(c) = 5*c**2 - 7*c - 2. Let o(w) = -11*f(w) + 4*j(w). Let n = 15 + -11. Calculate o(n).
6
Let v = 6 + -9. Let d(k) = -1 + k - 3 + 7. What is d(v)?
0
Let c(o) = -2*o**2 + 5*o + 4. Let u be c(4). Let f be (u - -9)*(-1 - -3). Let d(p) = -p + 1. Calculate d(f).
-1
Let u(j) = j**3 - 5*j**2 - 7*j + 8. Let v(c) = -c + 45 - 33 + 2*c. Let a be v(-6). Give u(a).
2
Let j(l) = l**2 - 18*l - 14.